111
What is 306029 (base 11) in base 12?
1b82aa
31386 (base 11) to base 6
551343
Convert -323e6f (base 16) to base 2.
-1100100011111001101111
What is 2883221 (base 12) in base 3?
120022020202121
1536034 (base 8) to base 5
103110442
234234440 (base 5) to base 3
2001012220110
What is -42536113 (base 8) in base 2?
-100010101011110001001011
Convert 22221210112 (base 3) to base 15.
37365
What is 10000001001110111111 (base 2) in base 8?
2011677
Convert 121a0b (base 13) to base 10.
432313
111111010110010001 (base 2) to base 5
31300343
Convert -1646254 (base 8) to base 15.
-96b20
-2110022021000 (base 3) to base 5
-313230344
What is -1286057 (base 10) in base 5?
-312123212
Convert -383943 (base 13) to base 10.
-1350534
-23325603 (base 7) to base 14
-3b7a3a
Convert 22103023231 (base 4) to base 15.
38500d
Convert -8788360 (base 10) to base 13.
-1a89219
Convert 289308 (base 11) to base 10.
451580
What is 111001111210 (base 3) in base 13?
8cc79
What is -31ca2 (base 16) in base 2?
-110001110010100010
Convert -114765 (base 16) to base 3.
-2010112100100
3839c9 (base 15) to base 4
22102010220
Convert -10011100101011010110011 (base 2) to base 15.
-6b62bd
What is -26305634 (base 7) in base 13?
-662b46
What is -201213233322 (base 4) in base 11?
-4a7a83a
-311333001330 (base 4) to base 7
-231200622
-1736131 (base 8) to base 13
-1499a8
Convert -13250050 (base 6) to base 10.
-441966
What is -441454 (base 9) in base 4?
-1000111312
Convert 3024069 (base 10) to base 3.
12200122020120
Convert 3670 (base 10) to base 4.
321112
What is 260b8a (base 12) in base 10?
623770
-111100111000100110 (base 2) to base 4
-330320212
Convert 10202346 (base 7) to base 10.
858024
-174668 (base 9) to base 16
-1a798
-2311885 (base 12) to base 13
-1520a74
2243334243 (base 5) to base 3
100112000020012
Convert 342004000 (base 5) to base 16.
17225d
What is -6a40f (base 16) in base 14?
-b486b
What is 20202013211 (base 4) in base 12?
8ba605
Convert 104383 (base 10) to base 14.
2a07d
122070 (base 8) to base 10
42040
What is -17b187 (base 14) in base 13?
-234109
427352 (base 8) to base 6
3022230
What is 1100000101001010010001 (base 2) in base 6?
151513225
47a3a86 (base 11) to base 4
133322103330
Convert 1206840 (base 9) to base 16.
9fd05
What is 232122003 (base 4) in base 6?
4024003
-3020001 (base 6) to base 13
-4cb73
-1401054024 (base 6) to base 2
-1000000010001110100000000
4bd58b (base 14) to base 12
a5a95b
-13a374 (base 11) to base 12
-a66b4
What is -1326531 (base 7) in base 8?
-526135
100111110111101000101000 (base 2) to base 11
5999400
Convert 1112121202010 (base 3) to base 16.
c800a
-21e537 (base 15) to base 11
-a0552a
Convert -108635 (base 10) to base 12.
-52a4b
Convert 346440 (base 7) to base 16.
f363
Convert -4627 (base 11) to base 15.
-1c04
Convert dc207 (base 15) to base 14.
142aa6
-1002111111 (base 4) to base 2
-1000010010101010101
What is 1021102020000 (base 3) in base 6?
22304043
Convert aac329 (base 14) to base 6.
324121041
22e2c (base 15) to base 14
2c744
100243201 (base 5) to base 10
399801
-166121 (base 7) to base 14
-c211
-443052 (base 6) to base 16
-9068
d9dd (base 16) to base 6
1110113
What is -a8a20a (base 12) in base 13?
-727150
4255341 (base 7) to base 9
868633
What is -1545540 (base 8) in base 11?
-284600
10022200220102 (base 3) to base 16
1af0c0
-9437368 (base 10) to base 13
-1c55755
What is -1443510 (base 6) in base 3?
-11020220220
What is 60231 (base 10) in base 6?
1142503
Convert 2341553 (base 7) to base 4.
1020100031
-24100345 (base 8) to base 11
-2a83932
What is 14442531 (base 6) in base 16?
7aeb7
What is 56433205 (base 7) in base 8?
22540544
Convert -1410062 (base 9) to base 6.
-24332302
Convert 8f7a9 (base 16) to base 9.
1085137
What is -1470588 (base 10) in base 15?
-1e0ae3
What is 10010000110011010101001 (base 2) in base 6?
245411001
Convert -403ec (base 16) to base 5.
-31410043
79837 (base 10) to base 8
233735
-1624a1 (base 16) to base 12
-59b969
Convert 14863b (base 14) to base 5.
140332134
Convert -2224140402 (base 5) to base 15.
-670602
Convert 460840 (base 9) to base 13.
98979
What is 6660433 (base 8) in base 9?
3334321
What is 2b08ba (base 12) in base 5?
141231204
101322113313 (base 4) to base 9
8746060
What is 49c49 (base 14) in base 8?
541051
-24441555 (base 6) to base 2
-10111111001101101111
4b01a (base 14) to base 10
183872
2061122 (base 8) to base 13
163130
Convert 223204 (base 5) to base 8.
17371
What is 111122002220 (base 3) in base 15?
547a0
What is -111212111112 (base 3) in base 11?
-177132
Convert -110301043 (base 5) to base 10.
-478273
What is -9b4ad9 (base 14) in base 10?
-5276119
Convert -330321321 (base 4) to base 10.
-249465
Convert 103542 (base 11) to base 2.
101000011100111111
Convert -346ed0 (base 15) to base 13.
-698ab4
-182850 (base 10) to base 14
-4a8ca
24584 (base 13) to base 15
14c28
Convert 2072177 (base 10) to base 11.
1195948
Convert -2ca23 (base 15) to base 16.
-232a1
What is 334da (base 14) in base 11?
85562
2211431422 (base 5) to base 13
cbbbb6
-b648c (base 13) to base 2
-1010000000111010001
What is 100201020221001 (base 3) in base 9?
10636831
-52322500 (base 7) to base 10
-4409167
What is 2100212012011 (base 3) in base 5?
310210220
dc0d0 (base 15) to base 8
2524704
Convert -119b5 (base 12) to base 5.
-1231042
What is 100111001011110100111 (base 2) in base 8?
4713647
Convert -1101001000010000001 (base 2) to base 11.
-27424a
What is -10100010000000101 (base 2) in base 3?
-11012210012
Convert 51416 (base 9) to base 7.
200520
What is a3489 (base 16) in base 6?
22200201
What is 121431223 (base 5) in base 12?
239b47
Convert 55608 (base 11) to base 16.
13ad2
What is 564549 (base 10) in base 7?
4540626
What is a334 (base 13) in base 7?
122441
What is a32120 (base 12) in base 14?
4a6b56
Convert -34344 (base 15) to base 11.
-103893
What is 13331012 (base 4) in base 9?
48622
What is 850187 (base 11) in base 12?
558119
What is 49624 (base 12) in base 11?
68743
Convert 7665327 (base 11) to base 13.
2a34672
-111220132 (base 4) to base 14
-24410
What is -735926 (base 13) in base 5?
-1142303042
Convert -3441124 (base 6) to base 14.
-4848c
10110011111111011001 (base 2) to base 9
1343266
100132404 (base 6) to base 2
110011101000011010100
Convert -84967 (base 11) to base 12.
-5b652
-1100223331 (base 4) to base 12
-13b311
Convert -56435014 (base 7) to base 14.
-9178b4
-33351413 (base 7) to base 8
-13005627
3667c (base 15) to base 6
3415400
What is a5b55 (base 12) in base 6?
4355345
Convert 303310231 (base 4) to base 6.
4314421
-10112122201002 (base 3) to base 12
-7696b5
What is 1101011101111000 (base 2) in base 5?
3231120
What is -34811 (base 15) in base 12?
-80907
184b18 (base 12) to base 16
67544
Convert -1010110111000110000110 (base 2) to base 15.
-3b38c5
Convert 643400 (base 9) to base 13.
105474
What is -16ff (base 16) in base 7?
-23110
What is 145150114 (base 6) in base 5?
1240000232
Convert 161274 (base 11) to base 8.
751267
Convert 1101000010110010110 (base 2) to base 3.
210201022011
What is -12300121201 (base 4) in base 14?
-341637
Convert 134124 (base 16) to base 3.
2101002221120
Convert 1001101000101011101001 (base 2) to base 5.
1121312204
Convert -2575560 (base 10) to base 15.
-35d1e0
What is -110701 (base 9) in base 12?
-3236a
-99b21a (base 12) to base 9
-4536444
-1030c (base 14) to base 8
-114150
1d997 (base 16) to base 12
5a1b3
What is -2ac8fe (base 16) in base 5?
-1204211331
a509b8 (base 12) to base 5
1130442221
What is 509302 (base 10) in base 8?
1742566
What is 11201210001 (base 3) in base 15?
1c901
Convert 7519b (base 14) to base 13.
9ba47
31493 (base 14) to base 2
11101000001111001
What is 2aa8a (base 12) in base 4?
32232022
Convert -7016 (base 9) to base 5.
-130433
Convert 8b369 (base 15) to base 9.
744480
Convert -3528929 (base 12) to base 6.
-1003514053
22001221102202 (base 3) to base 16
4174d9
Convert -824a377 (base 11) to base 13.
-3030498
What is -48738 (base 16) in base 12?
-1238a0
What is 1f973 (base 16) in base 9?
216442
Convert -13103301 (base 4) to base 16.
-74f1
What is -21320122010 (base 4) in base 8?
-11703204
499557 (base 10) to base 11
311363
Convert 5122610 (base 8) to base 2.
101001010010110001000
What is -13132121121 (base 4) in base 8?
-7363131
Convert 223341 (base 6) to base 11.
13245
What is -758b0 (bas